{"id":49,"date":"2020-10-07T17:07:25","date_gmt":"2020-10-07T17:07:25","guid":{"rendered":"http:\/\/urbanamixta.edu.co\/?page_id=49"},"modified":"2020-10-07T17:07:25","modified_gmt":"2020-10-07T17:07:25","slug":"sede-principal","status":"publish","type":"page","link":"https:\/\/urbanamixta.edu.co\/?page_id=49","title":{"rendered":"Sede Principal"},"content":{"rendered":"<p><img loading=\"lazy\" decoding=\"async\" class=\"wp-image-37 alignright\" src=\"https:\/\/urbanamixta.edu.co\/wp-content\/uploads\/2020\/10\/IMG-20201006-WA0024-225x300.jpg\" alt=\"\" width=\"479\" height=\"639\" srcset=\"https:\/\/urbanamixta.edu.co\/wp-content\/uploads\/2020\/10\/IMG-20201006-WA0024-225x300.jpg 225w, https:\/\/urbanamixta.edu.co\/wp-content\/uploads\/2020\/10\/IMG-20201006-WA0024-768x1024.jpg 768w, https:\/\/urbanamixta.edu.co\/wp-content\/uploads\/2020\/10\/IMG-20201006-WA0024.jpg 960w\" sizes=\"auto, (max-width: 479px) 100vw, 479px\" \/>La Instituci\u00f3n Educativa Urbana Mixta No 1, Sede Principal del municipio de Manaure se encuentra ubicada en la\u00a0 Calle 2 No 4 \u2013 66.\u00a0 En la actualidad la Instituci\u00f3n cuenta con una planta f\u00edsica estructurada de la siguiente manera:<\/p>\n<p>Primer Piso: 8 Aulas de Clases, 10 Unidades Sanitarias, 5 para hombres y 5 para mujeres, 1 pasillo. Cada aula de clases tiene capacidad para 35 estudiantes.<\/p>\n<p>Segundo Piso: 8 Aulas de Clases, 1 Biblioteca, 1 Cocineta, 1 Oficina para Coordinaci\u00f3n, 1 Ba\u00f1o, 1 Oficina para Psicoorientador, 1 Oficina para el Rector, 1 Ba\u00f1o, 1 Secretaria, 1 Ba\u00f1o, 1 Oficina del Personero, 1 Sala de Inform\u00e1tica, 5 unidades sanitarias.<\/p>\n<p>Los pisos est\u00e1n hechos en tabl\u00f3n rojo, techo de canaleta de eternit y paredes de bloques aburdazados, ventanas de vidrios y aluminios, rejas de aluminios.\u00a0 A\u00fan est\u00e1n sin terminar algunas obras como: 8 puertas, instalaci\u00f3n del tanque elevado, construcci\u00f3n de la tarima, vestier, patio, deposito de agua y sal\u00f3n de Silleteria.<\/p>\n<p>El espacio f\u00edsico para la recreaci\u00f3n a\u00fan sigue siendo reducida debido a la ampliaci\u00f3n de cobertura. Est\u00e1 en proyecci\u00f3n la terminaci\u00f3n de la segunda etapa cuyo proyecto lleva: Ampliaci\u00f3n de Laboratorio de F\u00edsica y Qu\u00edmica, Construcci\u00f3n de la Tienda Escolar, Construcci\u00f3n de 5 Aulas de Clases,\u00a0 Construcci\u00f3n de una Cocina, Ampliaci\u00f3n del Comedor Escolar y 1 Sala de Docentes.<\/p>\n<p>En la planta f\u00edsica antigua funciona el Comedor, la Cocina, Laboratorio de F\u00edsica y Qu\u00edmica y la Tienda Escolar.<\/p>\n<p>&nbsp;<\/p>\n<p>La Instituci\u00f3n Educativa Urbana Mixta No 1, cuenta con los siguientes servicios:<\/p>\n<p>El servicio de agua potable es suministrado por la Empresa Triple AAA y el agua salada llega directamente por tuber\u00eda o por el sistema de motobombas cuya agua es almacenada en tanques y albercas.\u00a0 El servicio de energ\u00eda el\u00e9ctrica es pagado por la Administraci\u00f3n Departamental.\u00a0 Adem\u00e1s cuenta con el servicio de Tel\u00e9fono, Fax y Gas, Internet.<\/p>\n","protected":false},"excerpt":{"rendered":"<p>La Instituci\u00f3n Educativa Urbana Mixta No 1, Sede Principal del municipio de Manaure se encuentra ubicada en la\u00a0 Calle 2 &hellip; <\/p>\n","protected":false},"author":1,"featured_media":0,"parent":0,"menu_order":0,"comment_status":"closed","ping_status":"closed","template":"","meta":{"footnotes":""},"class_list":["post-49","page","type-page","status-publish","hentry"],"_links":{"self":[{"href":"https:\/\/urbanamixta.edu.co\/index.php?rest_route=\/wp\/v2\/pages\/49","targetHints":{"allow":["GET"]}}],"collection":[{"href":"https:\/\/urbanamixta.edu.co\/index.php?rest_route=\/wp\/v2\/pages"}],"about":[{"href":"https:\/\/urbanamixta.edu.co\/index.php?rest_route=\/wp\/v2\/types\/page"}],"author":[{"embeddable":true,"href":"https:\/\/urbanamixta.edu.co\/index.php?rest_route=\/wp\/v2\/users\/1"}],"replies":[{"embeddable":true,"href":"https:\/\/urbanamixta.edu.co\/index.php?rest_route=%2Fwp%2Fv2%2Fcomments&post=49"}],"version-history":[{"count":1,"href":"https:\/\/urbanamixta.edu.co\/index.php?rest_route=\/wp\/v2\/pages\/49\/revisions"}],"predecessor-version":[{"id":50,"href":"https:\/\/urbanamixta.edu.co\/index.php?rest_route=\/wp\/v2\/pages\/49\/revisions\/50"}],"wp:attachment":[{"href":"https:\/\/urbanamixta.edu.co\/index.php?rest_route=%2Fwp%2Fv2%2Fmedia&parent=49"}],"curies":[{"name":"wp","href":"https:\/\/api.w.org\/{rel}","templated":true}]}}