{"id":18,"date":"2020-10-07T16:37:49","date_gmt":"2020-10-07T16:37:49","guid":{"rendered":"http:\/\/urbanamixta.edu.co\/?page_id=18"},"modified":"2020-10-07T16:37:49","modified_gmt":"2020-10-07T16:37:49","slug":"quienes-somos","status":"publish","type":"page","link":"https:\/\/urbanamixta.edu.co\/?page_id=18","title":{"rendered":"Quienes somos?"},"content":{"rendered":"<p><img loading=\"lazy\" decoding=\"async\" class=\" wp-image-19 alignleft\" src=\"https:\/\/urbanamixta.edu.co\/wp-content\/uploads\/2020\/10\/unnamed-274x300.png\" alt=\"\" width=\"157\" height=\"172\" srcset=\"https:\/\/urbanamixta.edu.co\/wp-content\/uploads\/2020\/10\/unnamed-274x300.png 274w, https:\/\/urbanamixta.edu.co\/wp-content\/uploads\/2020\/10\/unnamed.png 411w\" sizes=\"auto, (max-width: 157px) 100vw, 157px\" \/>Nuestra Instituci\u00f3n Educativa, educa bajo los par\u00e1metros que establece la Ley General de Educaci\u00f3n, permitiendo una educaci\u00f3n integral.\u00a0La Instituci\u00f3n Educativa Urbana Mixta No 1 reconoce al estudiante como persona como un ser \u00fanico formado en los valores, en el respeto humano, en la diversidad cultural, en la libertad, en la autonom\u00eda, la espiritualidad, permitiendo en el estudiante sentir, pesar y actuar democr\u00e1ticamente a nivel individual y social.<\/p>\n<p>&nbsp;<\/p>\n<p>La IE fomenta la preservaci\u00f3n de la cultura y los valores aut\u00f3ctonos de la etnia wayuu en la poblaci\u00f3n estudiantil, fortaleciendo su identidad en su proceso formativo, vi\u00e9ndose reflejado en cada una de las actividades que realiza a nivel instiucional.<\/p>\n","protected":false},"excerpt":{"rendered":"<p>Nuestra Instituci\u00f3n Educativa, educa bajo los par\u00e1metros que establece la Ley General de Educaci\u00f3n, permitiendo una educaci\u00f3n integral.\u00a0La Instituci\u00f3n Educativa &hellip; <\/p>\n","protected":false},"author":1,"featured_media":0,"parent":0,"menu_order":0,"comment_status":"closed","ping_status":"closed","template":"","meta":{"footnotes":""},"class_list":["post-18","page","type-page","status-publish","hentry"],"_links":{"self":[{"href":"https:\/\/urbanamixta.edu.co\/index.php?rest_route=\/wp\/v2\/pages\/18","targetHints":{"allow":["GET"]}}],"collection":[{"href":"https:\/\/urbanamixta.edu.co\/index.php?rest_route=\/wp\/v2\/pages"}],"about":[{"href":"https:\/\/urbanamixta.edu.co\/index.php?rest_route=\/wp\/v2\/types\/page"}],"author":[{"embeddable":true,"href":"https:\/\/urbanamixta.edu.co\/index.php?rest_route=\/wp\/v2\/users\/1"}],"replies":[{"embeddable":true,"href":"https:\/\/urbanamixta.edu.co\/index.php?rest_route=%2Fwp%2Fv2%2Fcomments&post=18"}],"version-history":[{"count":1,"href":"https:\/\/urbanamixta.edu.co\/index.php?rest_route=\/wp\/v2\/pages\/18\/revisions"}],"predecessor-version":[{"id":20,"href":"https:\/\/urbanamixta.edu.co\/index.php?rest_route=\/wp\/v2\/pages\/18\/revisions\/20"}],"wp:attachment":[{"href":"https:\/\/urbanamixta.edu.co\/index.php?rest_route=%2Fwp%2Fv2%2Fmedia&parent=18"}],"curies":[{"name":"wp","href":"https:\/\/api.w.org\/{rel}","templated":true}]}}